 the greatest common divisor of 175 and 125.
25
What is the greatest common factor of 3 and 1572?
3
What is the greatest common divisor of 32 and 248?
8
What is the highest common divisor of 30 and 681?
3
What is the highest common factor of 2690 and 10?
10
What is the greatest common factor of 1285 and 5?
5
What is the highest common divisor of 3096 and 144?
72
What is the greatest common factor of 207 and 115?
23
What is the highest common factor of 420 and 315?
105
What is the greatest common divisor of 357 and 21?
21
What is the highest common divisor of 63 and 981?
9
Calculate the greatest common factor of 707 and 404.
101
What is the greatest common divisor of 36 and 3474?
18
What is the greatest common factor of 1212 and 48?
12
What is the highest common divisor of 7511 and 203?
203
Calculate the highest common divisor of 174 and 1276.
58
Calculate the highest common divisor of 11 and 913.
11
Calculate the greatest common factor of 638 and 66.
22
Calculate the greatest common factor of 10144 and 48.
16
What is the highest common factor of 3 and 954?
3
What is the highest common factor of 39 and 195?
39
Calculate the greatest common divisor of 156 and 240.
12
What is the greatest common factor of 78 and 78?
78
Calculate the highest common divisor of 156 and 228.
12
What is the greatest common factor of 815 and 5?
5
Calculate the greatest common divisor of 1475 and 125.
25
What is the greatest common divisor of 144 and 9648?
144
Calculate the highest common factor of 2125 and 34.
17
Calculate the greatest common divisor of 52220 and 140.
140
What is the greatest common divisor of 92045 and 205?
205
Calculate the greatest common divisor of 468 and 2880.
36
What is the highest common divisor of 32 and 1696?
32
What is the greatest common divisor of 45 and 465?
15
What is the highest common divisor of 36 and 24?
12
What is the highest common factor of 225 and 9?
9
What is the highest common divisor of 20 and 44?
4
What is the greatest common divisor of 11513 and 29?
29
What is the greatest common factor of 1792 and 28?
28
Calculate the greatest common factor of 124 and 20.
4
Calculate the greatest common factor of 5115 and 195.
15
What is the highest common factor of 175 and 105?
35
What is the greatest common divisor of 86 and 301?
43
What is the highest common factor of 142 and 5254?
142
Calculate the greatest common factor of 6031 and 37.
37
What is the greatest common divisor of 196 and 28?
28
Calculate the highest common factor of 25 and 25.
25
What is the highest common divisor of 6 and 6?
6
What is the highest common divisor of 105 and 150?
15
What is the greatest common factor of 1143 and 45?
9
Calculate the highest common factor of 48 and 1728.
48
Calculate the highest common factor of 2117 and 73.
73
What is the greatest common factor of 410 and 690?
10
Calculate the highest common factor of 58 and 319.
29
What is the highest common factor of 315 and 90?
45
Calculate the highest common divisor of 512 and 32.
32
Calculate the greatest common factor of 33 and 3476.
11
What is the greatest common factor of 68 and 2754?
34
What is the greatest common divisor of 1455 and 960?
15
Calculate the highest common factor of 92 and 598.
46
What is the highest common factor of 496 and 620?
124
Calculate the greatest common factor of 53 and 2385.
53
What is the highest common divisor of 15 and 2355?
15
Calculate the greatest common factor of 917 and 56.
7
Calculate the greatest common divisor of 493 and 85.
17
What is the greatest common divisor of 69 and 529?
23
Calculate the greatest common factor of 124 and 558.
62
Calculate the highest common divisor of 10 and 270.
10
Calculate the greatest common divisor of 66 and 1914.
66
What is the highest common divisor of 1120 and 105?
35
Calculate the highest common factor of 1504 and 1316.
188
Calculate the greatest common divisor of 62 and 19933.
31
What is the greatest common divisor of 215 and 2?
1
What is the greatest common divisor of 154 and 14?
14
Calculate the highest common factor of 1339 and 13.
13
What is the highest common factor of 6888 and 1435?
287
Calculate the greatest common divisor of 61 and 61.
61
What is the highest common factor of 33 and 979?
11
Calculate the highest common factor of 28184 and 65.
13
What is the highest common divisor of 288 and 20544?
96
Calculate the greatest common factor of 19 and 209.
19
What is the greatest common divisor of 41 and 4223?
41
What is the highest common divisor of 52 and 234?
26
Calculate the greatest common factor of 55 and 40.
5
What is the highest common factor of 120 and 3270?
30
What is the greatest common divisor of 544 and 512?
32
What is the greatest common divisor of 5 and 375?
5
Calculate the greatest common factor of 114 and 2318.
38
What is the greatest common divisor of 96 and 72?
24
Calculate the highest common divisor of 74 and 666.
74
Calculate the highest common factor of 30 and 2325.
15
What is the highest common factor of 5253 and 102?
51
Calculate the greatest common divisor of 620 and 1300.
20
Calculate the greatest common factor of 39 and 273.
39
Calculate the greatest common divisor of 306 and 234.
18
What is the highest common factor of 12 and 240?
12
Calculate the highest common divisor of 97 and 97.
97
What is the greatest common divisor of 2044 and 364?
28
What is the highest common factor of 684 and 2888?
76
Calculate the greatest common divisor of 784 and 32.
16
What is the highest common factor of 45 and 3645?
45
What is the highest common factor of 3201 and 231?
33
What is the highest common divisor of 5192 and 11?
11
What is the greatest common divisor of 108 and 24?
12
What is the greatest common divisor of 5332 and 172?
172
Calculate the greatest common divisor of 7 and 574.
7
What is the highest common factor of 540 and 120?
60
Calculate the greatest common divisor of 727 and 3.
1
What is the highest common factor of 6 and 122?
2
Calculate the highest common factor of 3843 and 63.
63
What is the greatest common divisor of 330 and 66?
66
Calculate the greatest common divisor of 56 and 868.
28
Calculate the greatest common divisor of 73 and 1.
1
Calculate the greatest common factor of 574 and 14.
14
What is the greatest common divisor of 230 and 19895?
115
Calculate the greatest common factor of 455 and 91.
91
What is the highest common divisor of 40 and 1280?
40
Calculate the highest common divisor of 58216 and 152.
152
What is the highest common divisor of 384 and 6?
6
What is the greatest common factor of 284 and 4?
4
What is the greatest common divisor of 26 and 41171?
13
What is the greatest common factor of 250 and 90?
10
What is the greatest common divisor of 2429 and 70?
7
What is the highest common factor of 112 and 2562?
14
Calculate the greatest common factor of 102 and 272.
34
What is the highest common factor of 65 and 39?
13
Calculate the greatest common divisor of 30 and 735.
15
What is the highest common divisor of 246 and 1458?
6
What is the greatest common factor of 193 and 1?
1
What is the highest common divisor of 42 and 819?
21
Calculate the greatest common factor of 125 and 505.
5
Calculate the highest common factor of 11834 and 61.
61
What is the greatest common factor of 2368 and 37?
37
What is the greatest common divisor of 72 and 63?
9
What is the greatest common divisor of 9717 and 861?
123
Calculate the highest common divisor of 39 and 624.
39
Calculate the highest common divisor of 8 and 124.
4
Calculate the greatest common divisor of 158 and 237.
79
Calculate the greatest common factor of 22 and 29.
1
What is the greatest common factor of 1065 and 15?
15
What is the highest common factor of 20 and 79980?
20
What is the highest common divisor of 294 and 728?
14
What is the highest common factor of 176 and 264?
88
What is the highest common factor of 24 and 684?
12
Calculate the highest common divisor of 118 and 5546.
118
What is the greatest common divisor of 5265 and 390?
195
Calculate the greatest common divisor of 133 and 171.
19
What is the highest common divisor of 1254 and 57?
57
Calculate the greatest common divisor of 336 and 210.
42
Calculate the greatest common divisor of 64 and 80.
16
What is the highest common factor of 56 and 18872?
56
Calculate the highest common